)/(-3 - 47/(-16)). Let h be 2 - 2 - (-1 - 9). Calculate the highest common factor of l and h.
10
Let g(t) = -2*t + 32. Let c be g(0). Calculate the highest common divisor of c and 16.
16
Suppose -5*f + 0*l + 175 = 5*l, -2*f - l + 65 = 0. Suppose -10*o = -6*o - 40. What is the greatest common divisor of o and f?
10
Let w = 67 - 38. Let p be 2 + 2 + (w - 0). Suppose -4*y + 15 = -3*y - 2*l, 1 = y + 5*l. What is the greatest common factor of y and p?
11
Let k be (164/(-2))/(-2) - 2. Suppose 8*b - 42 = 62. Calculate the greatest common factor of b and k.
13
Suppose -227 = -4*w - 63. What is the highest common divisor of 41 and w?
41
Suppose 30 = 10*m - 0*m. Suppose -2*o - 10 = -7*o. Calculate the greatest common factor of o and m.
1
Let r = 1 + 15. Let j be (-1)/(12/r + -1). Calculate the greatest common divisor of j and 2.
2
Let k be 40/(-100)*10*-10. Calculate the highest common divisor of k and 100.
20
Let v be 104/6*9/6. Calculate the highest common divisor of 13 and v.
13
Suppose 0 = 4*y - 2*r - 8, -2*r = 4*y - 7*r - 8. Let g(v) = -v**3 + 11*v**2 - 9*v. Let a be g(10). Calculate the greatest common divisor of a and y.
2
Let i = 9 + 0. Let o(r) = 4*r**2 + 60*r**2 - 6 + 15 - 10. Let p be o(-1). Calculate the greatest common divisor of p and i.
9
Suppose -k + 4*p + 139 = 0, -6*p + 20 = -p. What is the greatest common factor of 62 and k?
31
Let h = 4 - 12. Let p = h + 12. What is the highest common divisor of 1 and p?
1
Suppose -4*o = -9 - 47. Calculate the greatest common factor of 2 and o.
2
Let h = 234 - 150. Calculate the greatest common factor of h and 56.
28
Suppose -30 = -4*d + 2*d. Let q(v) = v**2 + 5*v + 4. Let x be q(-5). Let p be (x/(-8))/((-1)/6). Calculate the greatest common divisor of d and p.
3
Let p(b) = -b + 37. Let h be p(23). Suppose 0 = -5*t + 2*j + 27, 0 = -3*t + t - 4*j + 30. What is the highest common divisor of t and h?
7
Suppose -3*g + 6 + 63 = 0. What is the highest common factor of 23 and g?
23
Let h = 31 + -22. Let a(v) = 46*v - 6. Let x(i) = 9*i - 1. Let r(y) = 6*a(y) - 33*x(y). Let g be r(-4). Calculate the greatest common factor of g and h.
9
Let s = 731 + -1076. Let q be 1/1*s/(-3). Calculate the highest common divisor of q and 23.
23
Let l(u) = -u - 11. Let t be l(-13). Suppose t*r = 3*r - 21. Let b = 39 + -25. What is the highest common divisor of r and b?
7
Suppose 0 = -4*u + 5*i + 48, -3*i = 5*u - i - 27. Suppose j + 32 = 4*x, u*j = 2*x + 3*j - 30. Calculate the greatest common factor of 35 and x.
7
Let j(z) = z**2 - 6*z - 7. Let u be j(7). Suppose 3*f - 2*i - 6 = u, -4*f - 5*i = -3*i - 22. Calculate the highest common factor of 44 and f.
4
Let q(c) = 2*c**2 - 15*c + 20. Let u be q(10). Let s = 7 + -2. Let f = s - -5. What is the greatest common divisor of f and u?
10
Let g be (-1131)/(-9) + 4/(-6). Let o be (-10)/2*-5*1. What is the greatest common divisor of o and g?
25
Let n be -1 + (-4 - -6 - -125). Calculate the highest common factor of 18 and n.
18
Let l = -2 - -8. Let c be 160/l + (-2)/(-6). Calculate the greatest common factor of c and 216.
27
Let q = 11 - 7. Calculate the greatest common factor of 1 and q.
1
Let s = 295 + -108. Calculate the greatest common divisor of 11 and s.
11
Suppose 0 = -3*q + 4*q + 2. Let w(a) = -29*a - 3. Let g be w(q). What is the greatest common factor of 5 and g?
5
Suppose g + 0 = 6. Let m(w) = 10*w - 4. Let d be m(5). Let u = 20 + d. Calculate the greatest common divisor of u and g.
6
Suppose -3*i + 0*i + 45 = 0. Let p be (-1 + 3)*(-2 - -4). Suppose 0 = p*n - 632 - 28. What is the highest common divisor of i and n?
15
Let k be ((-30)/50)/((-2)/250). Calculate the highest common factor of 15 and k.
15
Suppose -4*q + 2*f + 308 = 106, 0 = 5*q + 3*f - 225. What is the greatest common factor of q and 96?
48
Let u(n) = -2*n**2 + 5*n - 10. Let j be u(7). Let b = j - -131. Suppose m - b = 4*r, 0 = 3*m - 3*r - 0*r - 201. What is the greatest common divisor of 28 and m?
14
Let m(x) = x**2 + 4*x - 3. Let a be m(-5). Let t be 8 - 2 - (a + 1). What is the highest common factor of t and 15?
3
Let p be ((-1 - (-3)/(-6)) + -2)*-2. Calculate the greatest common factor of p and 105.
7
Let t be 16 + (1 - -1)*2. Calculate the highest common divisor of t and 180.
20
Let b(v) = -1 + v**2 + 13 + 5 - 4*v - 9*v. Suppose 3*g - 52 = -4*d - 12, 5*d = 3*g - 31. Let w be b(g). What is the greatest common factor of w and 1?
1
Let t be (-6)/(-33) + 152/11. Let b = 64 + 20. What is the highest common factor of b and t?
14
Suppose 0 = -2*j - 2*j. Suppose j = d - 5 - 19. Calculate the greatest common factor of d and 36.
12
Let i = 17 - 1. Suppose -5*g - 65 = -3*d + 17, 3*d - 4*g = 80. What is the greatest common factor of i and d?
8
Let r(w) = w**2 + 12*w + 6. Let a be r(-12). Let i be 3/(9/a) - -1. Calculate the highest common divisor of 6 and i.
3
Let b(j) = -4*j**3 - j**2 - j. Suppose 6 = -5*s - k, -4*s - 8 = s + 3*k. Let i be b(s). Calculate the greatest common divisor of 8 and i.
4
Suppose 0 = 5*q - 31 - 14. Suppose -d - 8 = -5*d. Suppose -d*b = 2*b - 12. Calculate the greatest common divisor of q and b.
3
Suppose -276 = 2*l - 3*q, 3*q - 161 = l - 17. Let d be 3/4*l/(-3). What is the highest common factor of 3 and d?
3
Let j(r) = -2*r + 2. Let a be j(-2). Let h = 8 + -15. Let p(y) = y**2 + 6*y - 1. Let w be p(h). What is the greatest common divisor of a and w?
6
Let b = 2 - 14. Let w = 18 + b. Let q = 27 + -9. What is the greatest common factor of w and q?
6
Suppose 4*x - 10 = 6*x, 0 = 5*v - 4*x - 115. What is the highest common divisor of 57 and v?
19
Let u(d) = 10 + 2 - 4 - d. Let o be u(7). What is the greatest common divisor of o and 3?
1
Let m = 298 + -128. What is the highest common divisor of 68 and m?
34
Suppose 0 = -2*l - q + 10, -3*l - 5*q + 3 = -19. Let v(s) = 2*s**3 - 4*s**2 + s - 3. Let x be v(l). What is the highest common factor of x and 13?
13
Suppose -4*i = -1092 + 388. Calculate the highest common divisor of i and 22.
22
Suppose -4*l + 0*w + 31 = 3*w, -7 = 2*l - 3*w. Suppose l*b = -b + 805. Let k be 1*23 + -1 - -1. Calculate the highest common divisor of b and k.
23
Suppose -4*d - 12 = -5*s, 5*d = -2*s + 19 - 1. Suppose -5*l - d*f + 84 = 0, 3*l + 2*f - 42 = -2*f. Calculate the greatest common factor of l and 90.
18
Let a = 64 - 32. Suppose 2*f - 9 = -1. Calculate the highest common divisor of f and a.
4
Let o(w) = 6*w - 6. Let i be o(6). Let h be 0 - (-2 + -3 + 0). Let t be (h*(2 - 0))/1. What is the highest common factor of i and t?
10
Suppose 0 = -2*x - 3*a - a, -2*a = -x + 4. Let y be 20/x + -1 + -2. Calculate the highest common factor of y and 14.
7
Suppose -13 = 4*w - 5*w. Let i(q) = 5*q**2 - 6*q - 12. Let g be i(-5). What is the greatest common factor of g and w?
13
Suppose 0 - 11 = -3*z - 2*a, -3*a = -5*z + 12. Suppose -z*x = -7*x - 44. Let r be (2 - x) + 3 + -2. Calculate the greatest common divisor of r and 7.
7
Let f(l) = l**2 - 4*l + 5. Let r be f(-5). Suppose 0 = 3*t + 4*k - k - 45, 0 = -2*t + 3*k + r. Calculate the highest common factor of 57 and t.
19
Suppose h + 35 = 3*a + 2*h, 0 = -4*a + 5*h + 15. Suppose 0*f - 5*f + 33 = -4*g, 4*g = -8. What is the highest common divisor of a and f?
5
Suppose 4*w - 29 = 19. Let n(m) = m**3 - 11*m**2 - 11*m + 1. Let y be n(w). Calculate the greatest common divisor of y and 39.
13
Let i = 33 - 24. Calculate the highest common factor of i and 99.
9
Suppose 5*h - 973 = -388. Let k be -4*(-1 + 3/6). Let g be k*1/(4/26). What is the highest common factor of g and h?
13
Let r(j) = 5*j - 4. Let s(i) = -i. Let g(w) = -r(w) - 6*s(w). Let h be g(5). Let m be 4/(4/9)*1. Calculate the greatest common factor of h and m.
9
Let c(b) = -b**3 - 10*b**2 - 2*b - 14. Let i be c(-10). Let v be i/4*264/36. What is the highest common factor of 11 and v?
11
Let t(n) = n**2 + 2. Let o be t(0). Suppose 5*h - 42 = o*h. Calculate the greatest common divisor of h and 70.
14
Suppose -14 = -4*n - 2*d + 98, -3*n + 4*d = -106. Let a be (-58)/(-3) + 2/3. What is the highest common divisor of a and n?
10
Suppose -3*m = -2*m. Suppose m = -0*g + g - 3. Suppose -2*c = -g*c + 12. What is the greatest common factor of 132 and c?
12
Let j(r) = -r**3 + 8*r**2 - 13*r + 3. Let n be j(4). What is the highest common factor of n and 5?
5
Suppose 3*k + 0*k - 12 = 0. Let b be -1 